{"id":1540,"date":"2019-03-06T15:01:09","date_gmt":"2019-03-06T14:01:09","guid":{"rendered":"http:\/\/tcleteln.de\/wordpress\/?page_id=1540"},"modified":"2026-02-24T17:45:17","modified_gmt":"2026-02-24T16:45:17","slug":"vereinsinfos","status":"publish","type":"page","link":"https:\/\/tcleteln.de\/index.php\/vereinsinfos\/","title":{"rendered":"Vereinsinfos"},"content":{"rendered":"\n<p>Der Vorstand des TC Leteln eV.<\/p>\n\n\n\n<ul class=\"wp-block-list\">\n<li>Vorsitzender Mirco Maa\u00dfen-B\u00fcrgermeister<\/li>\n\n\n\n<li>1. stv. Vorsitzender Siegfried Frohne<\/li>\n\n\n\n<li>Gesch\u00e4ftsf\u00fchrer Stefan Kr\u00fcger<\/li>\n\n\n\n<li>Schatzmeisterin Margit Meyer<\/li>\n\n\n\n<li>Sportwartin Elke von Otte<\/li>\n\n\n\n<li>Umweltbeauftragter Stefan Drinkuth<\/li>\n\n\n\n<li>Pressewart Siegfried Frohne<\/li>\n\n\n\n<li>Jugendwart Christian Schreiber<\/li>\n<\/ul>\n","protected":false},"excerpt":{"rendered":"<p>Der Vorstand des TC Leteln eV.<\/p>\n","protected":false},"author":1,"featured_media":0,"parent":0,"menu_order":0,"comment_status":"closed","ping_status":"open","template":"","meta":{"ngg_post_thumbnail":0,"footnotes":""},"class_list":["post-1540","page","type-page","status-publish","hentry"],"jetpack_sharing_enabled":true,"_links":{"self":[{"href":"https:\/\/tcleteln.de\/index.php\/wp-json\/wp\/v2\/pages\/1540","targetHints":{"allow":["GET"]}}],"collection":[{"href":"https:\/\/tcleteln.de\/index.php\/wp-json\/wp\/v2\/pages"}],"about":[{"href":"https:\/\/tcleteln.de\/index.php\/wp-json\/wp\/v2\/types\/page"}],"author":[{"embeddable":true,"href":"https:\/\/tcleteln.de\/index.php\/wp-json\/wp\/v2\/users\/1"}],"replies":[{"embeddable":true,"href":"https:\/\/tcleteln.de\/index.php\/wp-json\/wp\/v2\/comments?post=1540"}],"version-history":[{"count":3,"href":"https:\/\/tcleteln.de\/index.php\/wp-json\/wp\/v2\/pages\/1540\/revisions"}],"predecessor-version":[{"id":2249,"href":"https:\/\/tcleteln.de\/index.php\/wp-json\/wp\/v2\/pages\/1540\/revisions\/2249"}],"wp:attachment":[{"href":"https:\/\/tcleteln.de\/index.php\/wp-json\/wp\/v2\/media?parent=1540"}],"curies":[{"name":"wp","href":"https:\/\/api.w.org\/{rel}","templated":true}]}}

<p>Der Vorstand des TC Leteln eV.</p>



<ul class="wp-block-list">
<li>Vorsitzender Mirco Maaßen-Bürgermeister</li>



<li>1. stv. Vorsitzender Siegfried Frohne</li>



<li>Geschäftsführer Stefan Krüger</li>



<li>Schatzmeisterin Margit Meyer</li>



<li>Sportwartin Elke von Otte</li>



<li>Umweltbeauftragter Stefan Drinkuth</li>



<li>Pressewart Siegfried Frohne</li>



<li>Jugendwart Christian Schreiber</li>
</ul>
